ert -31641 (base 7) to base 8.
-17275
-2002202 (base 3) to base 12
-a78
What is -10022203 (base 4) in base 11?
-118a9
Convert 610 (base 8) to base 4.
12020
What is 57763 (base 10) in base 8?
160643
Convert -1120221010 (base 3) to base 9.
-46833
What is -33065 (base 7) in base 2?
-10000001010111
What is -1aa1 (base 11) in base 5?
-41102
139 (base 11) to base 16
a3
110110100000110 (base 2) to base 13
c91c
Convert -11ec (base 16) to base 15.
-155d
-711 (base 12) to base 4
-33331
Convert -47728 (base 11) to base 9.
-114277
-2023310 (base 4) to base 12
-5218
Convert -385 (base 16) to base 13.
-544
What is -1002140 (base 5) in base 14?
-5b32
7461 (base 11) to base 3
111112111
What is -4446 (base 11) in base 2?
-1011011100010
What is 3132 (base 4) in base 13?
141
What is 402 (base 10) in base 15?
1bc
What is -3bd (base 14) in base 5?
-11010
What is -91d (base 15) in base 3?
-2211001
-702 (base 10) to base 13
-420
Convert 267 (base 13) to base 4.
12213
What is 1201033 (base 5) in base 4?
11120002
What is fe4 (base 16) in base 10?
4068
Convert 10132212 (base 4) to base 15.
567c
Convert 2437 (base 8) to base 4.
110133
Convert -4661 (base 8) to base 7.
-10143
-1101010 (base 2) to base 12
-8a
Convert -101101000 (base 2) to base 4.
-11220
-1633 (base 13) to base 9
-4414
What is -12a8 (base 15) in base 12?
-237b
2437 (base 16) to base 3
110201101
What is 9214 (base 10) in base 16?
23fe
Convert -151b (base 12) to base 9.
-3345
323534 (base 7) to base 13
1c95b
Convert -176 (base 10) to base 9.
-215
Convert -60 (base 12) to base 9.
-80
Convert -18375 (base 11) to base 5.
-1310414
What is 1924 (base 10) in base 16?
784
-3003210 (base 5) to base 3
-2101220001
Convert -3135 (base 10) to base 15.
-de0
What is 220102 (base 3) in base 13?
3b9
-1022302 (base 6) to base 5
-3043130
-93b (base 14) to base 11
-1402
What is -385 (base 9) in base 14?
-18c
Convert 251 (base 7) to base 10.
134
What is -255 (base 9) in base 12?
-158
Convert -226 (base 7) to base 8.
-166
-23200 (base 4) to base 14
-3a8
What is 10100110001101 (base 2) in base 7?
43004
Convert -2100 (base 5) to base 6.
-1135
What is -8da (base 15) in base 13?
-bb3
Convert -1213010 (base 5) to base 11.
-16210
Convert 122d2 (base 16) to base 8.
221322
1011100111 (base 2) to base 7
2111
7247 (base 10) to base 15
2232
1100320 (base 4) to base 7
21043
Convert -a8 (base 12) to base 5.
-1003
What is 145 (base 6) in base 4?
1001
Convert 1330310 (base 4) to base 10.
7988
Convert -7cb (base 13) to base 8.
-2506
What is -131148 (base 9) in base 15?
-188ab
-1020131 (base 5) to base 3
-212012112
Convert 338 (base 14) to base 7.
1601
Convert -300 (base 16) to base 4.
-30000
What is 2002212 (base 3) in base 5?
22120
What is -10010010010 (base 2) in base 6?
-5230
What is -415 (base 7) in base 9?
-251
Convert -1011100001000010 (base 2) to base 11.
-32492
-549 (base 12) to base 8
-1411
Convert -10100100001101 (base 2) to base 9.
-15366
Convert -7386 (base 9) to base 3.
-21102220
What is -21616 (base 11) in base 3?
-1121000100
Convert 4d4 (base 16) to base 6.
5420
What is -3332 (base 7) in base 4?
-102233
What is -2cbf (base 16) in base 7?
-45253
What is -923 (base 14) in base 16?
-703
-15555 (base 6) to base 15
-b7b
1001112 (base 3) to base 11
640
What is 2222 (base 7) in base 15?
385
Convert -11088 (base 12) to base 15.
-6a48
-4501 (base 11) to base 4
-1130222
Convert 371 (base 11) to base 8.
671
What is 26d (base 16) in base 5?
4441
b0b8 (base 13) to base 16
5efe
Convert -7828 (base 10) to base 3.
-101201221
Convert -111111 (base 3) to base 12.
-264
9019 (base 10) to base 12
5277
51 (base 12) to base 3
2021
-52461 (base 8) to base 3
-1002220202
What is -827 (base 15) in base 16?
-72d
What is 44 (base 6) in base 15?
1d
9b9d (base 14) to base 16
696f
What is -b859 (base 12) in base 3?
-1000202020
What is 1357a (base 13) in base 8?
106402
What is -11200221 (base 3) in base 12?
-1b97
What is 1002 (base 5) in base 2?
1111111
Convert -36c (base 16) to base 7.
-2361
-b7d (base 15) to base 12
-1601
What is -1111111100110 (base 2) in base 5?
-230131
Convert -1381 (base 9) to base 10.
-1045
Convert -112422 (base 6) to base 10.
-9662
Convert -210 (base 3) to base 8.
-25
-a5 (base 13) to base 3
-12000
What is -2010 (base 4) in base 5?
-1012
What is 2019 (base 10) in base 5?
31034
What is -1303121 (base 4) in base 16?
-1cd9
What is 6480 (base 11) in base 2?
10000101101110
Convert -12033 (base 5) to base 6.
-4045
Convert 805 (base 10) to base 3.
1002211
Convert -12204 (base 5) to base 14.
-4a5
-113320 (base 5) to base 7
-15163
What is -12420 (base 13) in base 14?
-c3a1
What is -131330 (base 4) in base 11?
-1492
Convert -9493 (base 10) to base 5.
-300433
What is -2014 (base 8) in base 10?
-1036
What is 241110 (base 8) in base 13?
2b726
What is 1956 (base 14) in base 3?
20021210
22442 (base 8) to base 3
111001002
-10021 (base 5) to base 13
-39c
Convert -9e0 (base 16) to base 12.
-1568
Convert -20505 (base 7) to base 14.
-1bac
What is -1020112200 (base 3) in base 2?
-101111110000101
What is 2518 (base 13) in base 11?
3a52
Convert -101322 (base 5) to base 3.
-11120121
-120544 (base 7) to base 10
-21886
What is -5403 (base 6) in base 11?
-a16
What is -2514 (base 11) in base 13?
-1656
Convert -13300012 (base 4) to base 8.
-76006
Convert 220301 (base 5) to base 7.
31042
Convert 52004 (base 9) to base 4.
20113123
Convert -100011100000 (base 2) to base 3.
-10010011
4a52 (base 16) to base 14
6d10
-46474 (base 8) to base 16
-4d3c
Convert 122300 (base 4) to base 11.
1317
1002 (base 7) to base 15
180
Convert -211213 (base 5) to base 9.
-10612
45566 (base 8) to base 5
1104233
Convert -58360 (base 9) to base 13.
-1494c
-43044 (base 8) to base 15
-54c1
Convert -2100201 (base 4) to base 10.
-9249
25364 (base 7) to base 5
203320
What is 4310 (base 11) in base 6?
42214
Convert 33 (base 14) to base 2.
101101
What is -421 (base 8) in base 2?
-100010001
What is -25480 (base 9) in base 10?
-17163
Convert 14571 (base 8) to base 12.
3935
Convert -1498 (base 16) to base 15.
-1867
4433 (base 8) to base 2
100100011011
-1370 (base 11) to base 3
-2102121
Convert 31687 (base 11) to base 4.
23033323
Convert 6541 (base 8) to base 9.
4625
What is -222501 (base 6) in base 10?
-18757
Convert -6c3 (base 14) to base 6.
-10123
Convert 27033 (base 9) to base 11.
12796
90aa (base 12) to base 10
15682
-134204 (base 5) to base 6
-41414
-86 (base 15) to base 3
-11200
1cd (base 15) to base 5
3133
-3130 (base 6) to base 5
-10302
-5101 (base 11) to base 14
-2681
What is -a (base 15) in base 3?
-101
1566b (base 14) to base 7
311464
Convert -2c5e (base 15) to base 3.
-111002022
What is -335 (base 10) in base 16?
-14f
Convert 12433 (base 6) to base 2.
11101100101
Convert 1bd3 (base 14) to base 9.
6870
1161 (base 16) to base 14
189b
Convert 89 (base 11) to base 8.
141
Convert 10339 (base 10) to base 12.
5b97
110001110 (base 2) to base 12
292
-27cb (base 14) to base 10
-7039
-5ac (base 14) to base 9
-1487
5588 (base 11) to base 10
7356
What is -3301 (base 5) in base 11?
-380
Convert -1331 (base 5) to base 14.
-116
Convert -1021442 (base 5) to base 10.
-17122
165c (base 13) to base 6
23120
-16122 (base 10) to base 15
-4b9c
Convert -5 (base 8) to base 16.
-5
Convert 291b (base 14) to base 16.
1c6d
Convert -1112120002 (base 3) to base 6.
-352132
What is 1775 (base 9) in base 8?
2524
What is 873 (base 12) in base 13?
744
-630 (base 9) to base 15
-243
Convert 131352 (base 6) to base 5.
341040
Convert -32b1 (base 15) to base 2.
-10100111110101
504 (base 9) to base 4
12121
Convert 5676 (base 9) to base 4.
1001220
-301 (base 14) to base 4
-21031
What is -2002201 (base 3) in base 13?
-90a
14031 (base 6) to base 10
2179
Convert -cd8 (base 14) to base 9.
-3434
217 (base 10) to base 8
331
What is -190 (base 12) in base 10?
-252
What is -112222 (base 5) in base 16?
-fde
What is -2571 (base 10) in base 16?
-a0b
What is -12723 (base 8) in base 9?
-7587
What is 606 (base 11) in base 3?
1000010
What is 23391 (base 11) in base 4?
20033022
110100000 (base 3) to base 8
21437
What is 12753 (base 9) in base 12?
4bb6
Convert 533 (base 9) to base 4.
12303
Convert -1100101101101 (base 2) to base 4.
-1211231
-52193 (base 10) to base 11
-36239
What is -487 (base 9) in base 4?
-12103
1010001001100 (base 2) to base 